it of 118329737?
2
What is the hundred thousands digit of 22710547?
7
What is the hundred thousands digit of 125620206?
6
What is the hundreds digit of 34810920?
9
What is the hundreds digit of 177362025?
0
What is the hundreds digit of 1083930531?
5
What is the millions digit of 1560147857?
0
What is the ten millions digit of 106168738?
0
What is the ten thousands digit of 323328196?
2
What is the ten thousands digit of 472566390?
6
What is the thousands digit of 2192027025?
7
What is the ten millions digit of 1462116313?
6
What is the hundred millions digit of 513302096?
5
What is the hundreds digit of 350553035?
0
What is the ten thousands digit of 95794740?
9
What is the tens digit of 420116377?
7
What is the ten millions digit of 28566657?
2
What is the hundred thousands digit of 78949291?
9
What is the hundred thousands digit of 470588212?
5
What is the thousands digit of 7242205533?
5
What is the millions digit of 436314030?
6
What is the millions digit of 304153413?
4
What is the hundred thousands digit of 255806308?
8
What is the units digit of 277830833?
3
What is the ten thousands digit of 451054030?
5
What is the hundred millions digit of 348670155?
3
What is the units digit of 48965129?
9
What is the hundreds digit of 61842623?
6
What is the millions digit of 81879034?
1
What is the tens digit of 878877874?
7
What is the hundred millions digit of 2725999604?
7
What is the hundred millions digit of 151476646?
1
What is the hundred thousands digit of 8372204?
3
What is the hundreds digit of 5864217398?
3
What is the hundreds digit of 5923715615?
6
What is the millions digit of 59346993?
9
What is the millions digit of 3406613413?
6
What is the hundreds digit of 74405148?
1
What is the millions digit of 361363092?
1
What is the tens digit of 1670378052?
5
What is the ten thousands digit of 82850537?
5
What is the units digit of 10371309?
9
What is the ten millions digit of 101628430?
0
What is the tens digit of 983548722?
2
What is the thousands digit of 305803038?
3
What is the millions digit of 117468144?
7
What is the ten thousands digit of 91002962?
0
What is the hundred thousands digit of 20072140?
0
What is the thousands digit of 20325568?
5
What is the millions digit of 52131869?
2
What is the hundred thousands digit of 391181759?
1
What is the ten millions digit of 133666248?
3
What is the thousands digit of 956290670?
0
What is the millions digit of 721241633?
1
What is the billions digit of 4118193229?
4
What is the millions digit of 4852596510?
2
What is the ten thousands digit of 14679172?
7
What is the hundreds digit of 162123077?
0
What is the ten thousands digit of 377047924?
4
What is the millions digit of 364845753?
4
What is the ten thousands digit of 70459735?
5
What is the ten millions digit of 344752606?
4
What is the units digit of 83557497?
7
What is the thousands digit of 406397330?
7
What is the thousands digit of 205911224?
1
What is the millions digit of 528286167?
8
What is the ten millions digit of 80364929?
8
What is the ten millions digit of 866794152?
6
What is the millions digit of 663216080?
3
What is the ten thousands digit of 1523343689?
4
What is the ten millions digit of 622933250?
2
What is the hundreds digit of 2700483311?
3
What is the ten millions digit of 6347127467?
4
What is the units digit of 579212989?
9
What is the hundred thousands digit of 629760?
6
What is the hundred millions digit of 1072117512?
0
What is the ten thousands digit of 40427170?
2
What is the units digit of 58587568?
8
What is the thousands digit of 52478472?
8
What is the tens digit of 121846478?
7
What is the hundred millions digit of 5635042822?
6
What is the ten millions digit of 25228385?
2
What is the ten thousands digit of 165992819?
9
What is the ten thousands digit of 1390838155?
3
What is the ten thousands digit of 47801398?
0
What is the millions digit of 54810960?
4
What is the thousands digit of 297789291?
9
What is the units digit of 281381613?
3
What is the thousands digit of 4194069?
4
What is the tens digit of 2328594200?
0
What is the ten millions digit of 522627984?
2
What is the units digit of 555948570?
0
What is the ten thousands digit of 240494556?
9
What is the units digit of 22930945?
5
What is the thousands digit of 253531531?
1
What is the hundred thousands digit of 68599467?
5
What is the millions digit of 1697842163?
7
What is the billions digit of 2843965433?
2
What is the thousands digit of 1094568105?
8
What is the millions digit of 168793621?
8
What is the thousands digit of 26392472?
2
What is the ten thousands digit of 31291140?
9
What is the billions digit of 1672918447?
1
What is the ten millions digit of 390361923?
9
What is the ten thousands digit of 4664676268?
7
What is the millions digit of 485880598?
5
What is the units digit of 35505229?
9
What is the units digit of 1002236256?
6
What is the hundreds digit of 189291921?
9
What is the hundred thousands digit of 99687628?
6
What is the units digit of 144058194?
4
What is the hundred thousands digit of 104904899?
9
What is the thousands digit of 24108712?
8
What is the millions digit of 51282739?
1
What is the hundreds digit of 335516192?
1
What is the thousands digit of 46417915?
7
What is the hundred thousands digit of 955250341?
2
What is the ten thousands digit of 2754394366?
9
What is the ten thousands digit of 187430537?
3
What is the millions digit of 1491295005?
1
What is the ten thousands digit of 3460787914?
8
What is the units digit of 49645135?
5
What is the tens digit of 44751648?
4
What is the hundreds digit of 2335932626?
6
What is the hundred millions digit of 247991181?
2
What is the millions digit of 1692423?
1
What is the hundreds digit of 694138940?
9
What is the ten thousands digit of 342616308?
1
What is the ten thousands digit of 176848399?
4
What is the hundred thousands digit of 17066038?
0
What is the tens digit of 32979691?
9
What is the millions digit of 475166017?
5
What is the millions digit of 34530189?
4
What is the units digit of 16021434?
4
What is the hundred thousands digit of 802352397?
3
What is the hundreds digit of 480908779?
7
What is the hundred thousands digit of 3561233911?
2
What is the ten millions digit of 1486034651?
8
What is the units digit of 3009904514?
4
What is the tens digit of 3604450953?
5
What is the ten thousands digit of 7711045?
1
What is the hundred millions digit of 300443167?
3
What is the ten thousands digit of 37092005?
9
What is the thousands digit of 161665925?
5
What is the ten thousands digit of 18263201?
6
What is the hundreds digit of 38869598?
5
What is the ten thousands digit of 413781817?
8
What is the tens digit of 1025224?
2
What is the units digit of 1563952045?
5
What is the billions digit of 2430127128?
2
What is the units digit of 210891171?
1
What is the hundred thousands digit of 61509694?
5
What is the tens digit of 574696394?
9
What is the hundred thousands digit of 22472421?
4
What is the ten thousands digit of 201674459?
7
What is the thousands digit of 83391140?
1
What is the hundreds digit of 2283963446?
4
What is the units digit of 517962569?
9
What is the units digit of 894134823?
3
What is the ten millions digit of 417251562?
1
What is the units digit of 174577117?
7
What is the billions digit of 1745619584?
1
What is the millions digit of 159421657?
9
What is the thousands digit of 46203916?
3
What is the millions digit of 4034522130?
4
What is the units digit of 197848894?
4
What is the hundred millions digit of 4066217483?
0
What is the ten millions digit of 309822995?
0
What is the ten millions digit of 1066809760?
6
What is the hundreds digit of 9754667?
6
What is the thousands digit of 7723826?
3
What is the thousands digit of 3831858?
1
What is the tens digit of 6111650809?
0
What is the ten millions digit of 258717074?
5
What is the ten thousands digit of 302232364?
3
What is the millions digit of 66412575?
6
What is the millions digit of 3073012?
3
What is the hundred thousands digit of 225162145?
1
What is the hundred thousands digit of 119985190?
9
What is the hundred thousands digit of 893016781?
0
What is the ten thousands digit of 1898458303?
5
What is the millions digit of 983908148?
3
What is the hundred thousands dig